{"id":11961,"date":"2020-12-09T14:46:59","date_gmt":"2020-12-09T13:46:59","guid":{"rendered":"http:\/\/bartoszfratczak.com\/?page_id=11961"},"modified":"2021-02-09T14:21:34","modified_gmt":"2021-02-09T13:21:34","slug":"view-through-closed-eyes-borderlands-sketches-16","status":"publish","type":"page","link":"https:\/\/bartoszfratczak.com\/index.php\/view-through-closed-eyes-borderlands-sketches-16\/","title":{"rendered":"View through Closed Eyes. Borderland&#8217;s Sketches 16"},"content":{"rendered":"\n<div style=\"height:100px\" aria-hidden=\"true\" class=\"wp-block-spacer\"><\/div>\n\n\n\n<figure class=\"wp-block-image size-full\"><img loading=\"lazy\" decoding=\"async\" width=\"2048\" height=\"1365\" src=\"http:\/\/bartoszfratczak.com\/wp-content\/uploads\/2020\/12\/Kresy-by-Bartosz-Fr\u0105tczak-15.jpg\" alt=\"\" class=\"wp-image-11962\" srcset=\"https:\/\/bartoszfratczak.com\/wp-content\/uploads\/2020\/12\/Kresy-by-Bartosz-Fr\u0105tczak-15.jpg 2048w, https:\/\/bartoszfratczak.com\/wp-content\/uploads\/2020\/12\/Kresy-by-Bartosz-Fr\u0105tczak-15-300x200.jpg 300w, https:\/\/bartoszfratczak.com\/wp-content\/uploads\/2020\/12\/Kresy-by-Bartosz-Fr\u0105tczak-15-1024x683.jpg 1024w, https:\/\/bartoszfratczak.com\/wp-content\/uploads\/2020\/12\/Kresy-by-Bartosz-Fr\u0105tczak-15-768x512.jpg 768w, https:\/\/bartoszfratczak.com\/wp-content\/uploads\/2020\/12\/Kresy-by-Bartosz-Fr\u0105tczak-15-1536x1024.jpg 1536w, https:\/\/bartoszfratczak.com\/wp-content\/uploads\/2020\/12\/Kresy-by-Bartosz-Fr\u0105tczak-15-600x400.jpg 600w\" sizes=\"auto, (max-width: 2048px) 100vw, 2048px\" \/><\/figure>\n\n\n\n<p><strong>75 years later<\/strong><\/p>\n\n\n\n<p>The priest is about to start the holy mass for the victims of the massacre. Now, several hundred kilometres away from that place \u2013 the Katyn Forest, they are waiting in silence on beech chairs.<\/p>\n\n\n\n<p><em>The Church of St. Raphael in Vilnius<\/em><\/p>\n\n\n\n<p><strong>75 lat p\u00f3\u017aniej<\/strong><\/p>\n\n\n\n<p>Za kilka minut kap\u0142an rozpocznie msz\u0119 w intencji ofiar ludob\u00f3jstwa. Kilkaset kilometr\u00f3w od Lasu Katy\u0144skiego czekaj\u0105 w ciszy na bukowych krzes\u0142ach.<\/p>\n\n\n\n<p><\/p>\n\n\n\n<p><em>Ko\u015bci\u00f3\u0142 \u015bw. Rafa\u0142a<\/em>, Wilno, Litwa<\/p>\n","protected":false},"excerpt":{"rendered":"<p>75 years later The priest is about to start the holy mass for the victims of the massacre. Now, several hundred kilometres away from that place \u2013 the Katyn Forest, they are waiting in silence on beech chairs. The Church of St. Raphael in Vilnius 75 lat p\u00f3\u017aniej Za kilka minut kap\u0142an rozpocznie msz\u0119 w [&hellip;]<\/p>\n","protected":false},"author":1,"featured_media":0,"parent":0,"menu_order":0,"comment_status":"closed","ping_status":"closed","template":"","meta":{"_vp_format_video_url":"","_vp_image_focal_point":[],"footnotes":""},"class_list":["post-11961","page","type-page","status-publish","hentry"],"_links":{"self":[{"href":"https:\/\/bartoszfratczak.com\/index.php\/wp-json\/wp\/v2\/pages\/11961","targetHints":{"allow":["GET"]}}],"collection":[{"href":"https:\/\/bartoszfratczak.com\/index.php\/wp-json\/wp\/v2\/pages"}],"about":[{"href":"https:\/\/bartoszfratczak.com\/index.php\/wp-json\/wp\/v2\/types\/page"}],"author":[{"embeddable":true,"href":"https:\/\/bartoszfratczak.com\/index.php\/wp-json\/wp\/v2\/users\/1"}],"replies":[{"embeddable":true,"href":"https:\/\/bartoszfratczak.com\/index.php\/wp-json\/wp\/v2\/comments?post=11961"}],"version-history":[{"count":0,"href":"https:\/\/bartoszfratczak.com\/index.php\/wp-json\/wp\/v2\/pages\/11961\/revisions"}],"wp:attachment":[{"href":"https:\/\/bartoszfratczak.com\/index.php\/wp-json\/wp\/v2\/media?parent=11961"}],"curies":[{"name":"wp","href":"https:\/\/api.w.org\/{rel}","templated":true}]}}